 30 = z, 30 = -i - 4*i - 4*x. Let y(o) = o**2 - 2. What are the prime factors of y(i)?
2, 17
Suppose 17*p = 11*p + 19*p - 33592. List the prime factors of p.
2, 17, 19
Suppose 34*s - 2 + 2 = 0. Suppose -39*p + 1966 + 31340 = s. List the prime factors of p.
2, 7, 61
Let o = -9026 - -16872. List the prime factors of o.
2, 3923
Suppose -47*d = -39*d - 30056. Suppose 5*s + 4*o = d, -o = -3*s + 2983 - 722. What are the prime factors of s?
3, 251
Let a(u) = 14*u**2 - 5*u + 38. Let w(z) = 14*z**2 - 5*z + 39. Let o(l) = -6*a(l) + 7*w(l). What are the prime factors of o(5)?
2, 5, 37
Let v = 28127 - 20077. List the prime factors of v.
2, 5, 7, 23
Let c(k) = -3*k**2 - 15*k + 6. Let m be c(-6). List the prime factors of 116/(m/378*-7).
2, 3, 29
Let b = -236 + 241. Suppose 874 = b*f - 2266. What are the prime factors of f?
2, 157
Let s = 45 - 42. Let p be ((-3)/(-4))/(s/20). Suppose p*u + 1 = 11. What are the prime factors of u?
2
Let d(b) = -b**3 - 4*b**2 + 9*b - 15. Let q be d(-6). Suppose 3*o + 572 = -q*r + 4*r, -3*r + 4*o + 1691 = 0. What are the prime factors of r?
557
Let k(q) = -16*q - 12. Let n be k(-1). What are the prime factors of n/(-3)*(-40 - 353)?
2, 131
Suppose -3*f = -2*j - 331 - 323, 0 = -3*f + 3*j + 654. Let d(r) = -53*r + 2. Let u be d(-2). Let k = f - u. What are the prime factors of k?
2, 5, 11
Suppose -6*l + 82 = 184. Let t = l + 224. List the prime factors of t.
3, 23
Let i = -1587 - -3582. Suppose 1263 = 9*k - i. List the prime factors of k.
2, 181
Let q = 280 - 281. Let u(f) = -154*f - 16. What are the prime factors of u(q)?
2, 3, 23
Suppose -114*b + 110*b + 116 = 0. Suppose -5616 = 11*k - b*k. What are the prime factors of k?
2, 3, 13
Let k(t) = -3*t - 384. Let m be k(0). List the prime factors of (-1120)/84*m/10.
2
Suppose -5*u = -16277 - 29988. What are the prime factors of u?
19, 487
Let k = -791 + 11293. List the prime factors of k.
2, 59, 89
Suppose 211 = 2*k - 399. Let g(a) = a**3 + 14*a**2 - 32*a + 2. Let l be g(-16). Suppose -k = -3*f - l*f. List the prime factors of f.
61
Let p(s) = 301*s + 7560. List the prime factors of p(131).
7, 137
Let w(r) = r**3 - 5*r**2 + 18*r + 21. Suppose -11*m - 9 + 86 = 0. What are the prime factors of w(m)?
5, 7
Suppose -5*p = -188*p + 515328. What are the prime factors of p?
2, 11
Let q be (0 - 1)/((-2)/18). Suppose 2*u = -2*v, 6*u - 4*v - 26 = 4. Suppose -2*c = -u*a + q + 36, -4*c - 30 = -2*a. List the prime factors of a.
3, 5
Let v(i) = -i**3 + 11*i**2 + 7*i + 8. Let x = -159 - -89. Let r be (36/15)/((-21)/x). List the prime factors of v(r).
2
Let n = 69806 - -1245. List the prime factors of n.
227, 313
Let u(j) = 3*j**3 - 28*j**2 - 59*j + 35. Let p(n) = -n**3 + 2*n**2. Let y(v) = -2*p(v) - u(v). List the prime factors of y(25).
5, 163
Suppose -114*c + 62*c - 156552 = -64*c. What are the prime factors of c?
2, 11, 593
List the prime factors of (-688167)/(-81) + 1/(-36)*-4.
2, 3, 59
Let f(d) = d**3 + 19*d**2 - 8*d + 34. Let k be f(-17). Suppose 5*o = -4*g + 999 + 524, 0 = -2*g + 2*o + k. List the prime factors of g.
13, 29
List the prime factors of ((-23625)/(-180))/(3 - 1135/380).
3, 5, 7, 19
Suppose 9*m - 5*m + d = 21, -36 = -5*m + 2*d. Suppose -1560 = -20*z - m*z. List the prime factors of z.
2, 3, 5
Suppose -5*v + 13370 = 2*z, 4*v + 3*z - 1798 = 8905. Suppose -5*b + 7142 = v. Suppose -7*d + 13*d = b. What are the prime factors of d?
149
List the prime factors of 19931 - (-18 + 6 + 21) - 1*5.
3, 2213
Let u(m) = 2*m**3 + 13*m**2 + 3*m - 13. Let w be u(-6). What are the prime factors of 5 + (-1)/((-6)/3048) - w?
2, 127
Let m be 858/(-30) - (-6)/10. Let p = m + 60. Let r = p - 8. List the prime factors of r.
2, 3
Let k be (14 - 12)/((-4)/(-42)). Let o = k + -26. Let c(f) = -16*f + 5. What are the prime factors of c(o)?
5, 17
Let i be (2/(-4)*2)/(20/80). List the prime factors of 279 + 5 - (-3 - i).
283
Suppose 0*p - p + 1321 = 0. Let l = p + -547. List the prime factors of l.
2, 3, 43
Let x be 28/126 - (-32)/18. Let i be (-1090)/(-40) + x/(-8). List the prime factors of 132/((i/(-6))/(-3)).
2, 11
Let g = 92 - -66. Suppose 5*x - 54 + g = -4*m, 2*m + 54 = -3*x. Let j = 77 - m. List the prime factors of j.
2, 7
Suppose -994*p + 1003*p = 63. Suppose -2*r - p = -1, -3*w + 3*r = -153. List the prime factors of w.
2, 3
Let i be (-4)/(-8)*(-1127)/(-1)*2. Let j = i - 752. What are the prime factors of j?
3, 5
Suppose -18*j + 17*j + 247 = 0. Suppose 9 - j = -14*v. What are the prime factors of v?
17
What are the prime factors of (55/7 - 7)*1078?
2, 3, 7, 11
Suppose -2*c + 5*c = 3*g + 66, 0 = 2*c + g - 41. What are the prime factors of ((-223)/(-3))/(7/c)?
223
Let f be 1675/(-30) - (-1)/(-6). Let j = f + 205. List the prime factors of j.
149
Suppose 2*p = p + 6. Let r(w) = -11 + 2*w**2 + 12*w + 0 - w**2 - p. What are the prime factors of r(-17)?
2, 17
Let n(d) = -d**3 - 2*d**2 + 4*d + 3. Let o be n(-3). Suppose -4*a - 870 + 9790 = o. Suppose -9*w + a = 115. What are the prime factors of w?
5, 47
What are the prime factors of 39/(468/(-585048))*(2 - 3)?
2, 19, 1283
Suppose 5*o - 25 = 0, 6*o + 9 = -4*w + 3*o. Let n = w + 51. Suppose b - n = 30. List the prime factors of b.
3, 5
Let h(c) = 3*c**3 + 9*c**2 - 6*c + 21. Let a be h(5). Suppose -d - 4*v = -751, d - 3*v - 139 = a. List the prime factors of d.
739
Suppose 2*m + 3*m = 475. Let w(a) = -8*a + 111. Let k be w(4). Let g = m - k. List the prime factors of g.
2
Let u = 1758 + -1717. Suppose 30 = -4*q - 26. Let v = u - q. List the prime factors of v.
5, 11
Let u be 1 + (-6 - -4) - 1*-411. Suppose -5*m = -u - 1305. What are the prime factors of m?
7
Let k(s) = -4*s - 2. Let t be k(-6). Let u be 6354/22 + 2 + (-40)/t. Suppose 0 = -3*b - 4*q + u, 8*b - 3*b - 4*q = 503. What are the prime factors of b?
3, 11
Let l = 1761 + 3531. What are the prime factors of l?
2, 3, 7
Let b = -168 + 174. Suppose b*s = -25*s + 2232. What are the prime factors of s?
2, 3
Suppose d - 67 = -63. Let v(z) = 4 + 0*z + z**2 - 11 + 9*z + d. What are the prime factors of v(5)?
67
Let s(t) be the second derivative of -3*t**5/20 + t**4/6 + t**3 + 23*t**2 + 2*t - 31. What are the prime factors of s(-8)?
2, 3, 277
Suppose 2*w - 1 = w, -3*y - 5*w + 14 = 0. Suppose y*u = -p + 446, -2*u - 153 = -3*u + 4*p. What are the prime factors of u?
149
Let r(q) = 11*q - 144. Let o be r(14). What are the prime factors of (2475/(-22))/((-3)/o)?
3, 5
Let a(o) = 70*o + 14. Let w(m) = 68*m + 15. Let f(i) = 5*a(i) - 4*w(i). What are the prime factors of f(2)?
2, 83
Suppose k + 15 = 2*n, 4*n = 4*k + 26 + 22. What are the prime factors of -2*(k + -769)/(2*2)?
389
Suppose -i = -5 + 3, 4*p - 16 = -2*i. Suppose -5*d = -3*d - 4*q + 284, p*d = 4*q - 432. Let b = 312 + d. What are the prime factors of b?
2, 41
Let v = 31871 - 21124. List the prime factors of v.
11, 977
Let l = -381 - -282. What are the prime factors of 9 + (-39182)/l + 4/18?
3, 5
Suppose f - c = 22432, -67266 = 117*f - 120*f - 2*c. What are the prime factors of f?
2, 11213
Let w = 11182 - 3887. List the prime factors of w.
5, 1459
Let i = -48 - -45. Let y be i + -20*(-5)/10. Let v = y - -45. List the prime factors of v.
2, 13
Suppose -5*q = -4*o - 201, 95 = 6*q - 3*q + 4*o. Let s = 91 - 30. Suppose 3*u + q = s. What are the prime factors of u?
2
Suppose 5*a - 13 = 2*l, -34 = -4*l - 5*a + 3*a. Suppose -1720 = -l*x + x. Suppose -126 = -5*w + x. What are the prime factors of w?
2, 47
Let f(x) = 2*x - 13. Let d be f(8). Suppose 0 = -a - t - d*t - 261, 3*a + t + 783 = 0. Let z = a - -380. What are the prime factors of z?
7, 17
Suppose -2*q = -13*b + 12*b + 273, -4*b = 4*q - 1092. What are the prime factors of (b/(-26) + 9)/((-6)/3716)?
929
Let s be 2*(-3)/6 + 3. Suppose c = -3, -3*c + 4*c = s*j - 11. Suppose 8*p - 1128 = -j*p. List the prime factors of p.
2, 47
What are the prime factors of ((-108)/189)/((-1)/28609)?
2, 61, 67
Suppose -6*a - 3*h = -4*a - 557, -1064 = -4*a + 4*h. Let b = -161 + a. Suppose b = 2*t - t - 2*p, -3*t - 2*p + 314 = 0. What are the prime factors of t?
2, 53
Let n(z) = 5*z**2 + 23*z + 26. Let d = -415 + 397. List the prime factors of n(d).
2, 7, 11
Let m(b) be the first derivative of -5*b**4/2 + 2*b**3/3 - 3*b**2 - 3*b + 37. List the prime factors of m(-4).
3, 7, 11
Let g(c) = 99*c**2 - c. Suppose 5*b + 0*w - 2*w - 7 = 0